p?
4
Suppose p = 2 - 0. Suppose -10 - p = 3*t. What is the units digit of -2*(-7)/t*-2?
7
Let w(g) = g**3 - 9*g**2 + 20*g - 20. What is the hundreds digit of w(11)?
4
Let c = -3 - 6. Let g = c - -59. What is the units digit of g?
0
Suppose -5*v + 3*c + 10 = 0, 0*v = -5*v - 3*c + 10. Suppose v*g - 31 = 115. What is the units digit of g?
3
Suppose 4*v - 3*v = -5*d - 11, -3*d = 4*v - 7. What is the tens digit of -3 + (-1436)/(-16) + 1/v?
8
Let r(m) = -6*m - 39. Let o be r(-7). Suppose -4*w = -i - 692, o*i = -w - i + 156. What is the tens digit of w?
7
What is the hundreds digit of (448/400*20)/((-4)/(-70))?
3
Let g(n) = -2*n**3 + 18*n**2 + 15*n - 15. What is the hundreds digit of g(-7)?
4
Let k = 66 + -31. Suppose 0 = 10*x - 3*x - k. Suppose -x*l + 4*u + 74 = -8, 3*l - 5*u - 44 = 0. What is the units digit of l?
8
Let v(x) = 1470*x**2 - 3*x - 1. What is the units digit of v(-1)?
2
Let u be (-3 + 1 + 3)*2. Let p be (1 - -3 - -119) + -1. Suppose 5*h = u*t - 110, 0 = -2*t - h - 0*h + p. What is the units digit of t?
0
Suppose i + 3*d - 1623 = 1271, 2*d - 8696 = -3*i. What is the thousands digit of i?
2
Suppose -67*f + 183818 = -38354. What is the tens digit of f?
1
Suppose 5*o - 5*t - 4388 = 7107, -4610 = -2*o - 4*t. What is the tens digit of o?
0
Suppose -111*d = -146*d + 119805. What is the tens digit of d?
2
Let l(j) = j**2 - 2*j - 7. Let u be l(3). What is the units digit of (u/(-20))/((-1)/(-205))?
1
Suppose -19*o = -10*o - 981. What is the tens digit of o?
0
Let w(d) = -d**3 - 15*d**2 + 3*d + 19. Let q be w(-15). Let v = q + 33. Suppose v + 22 = f. What is the units digit of f?
9
Let z(w) = w**2 - 23*w + 65. Let m be z(-28). Suppose 7*s - 530 = m. What is the tens digit of s?
8
Let h be (-24)/(-36)*(1 + 2). Suppose 2*p - 2*w = 3*w + 25, h*p - 20 = 4*w. Suppose p = 4*v - 5*b - 190, 5*b + 96 = 2*v + 2*b. What is the units digit of v?
5
Suppose 7*s - 1 = 8*s, -v = 3*s - 2195. What is the thousands digit of v?
2
Let i(k) be the second derivative of -k**4/12 - 3*k**3/2 + 2*k**2 + 7*k. Let u = -10 - -1. What is the units digit of i(u)?
4
Let y = 3988 - 2276. What is the thousands digit of y?
1
Suppose 3*n = -5*d - 0*n - 313, -d = -n + 69. Let v = -22 - d. What is the tens digit of v?
4
Let h be (-35)/7 + 6/1. What is the tens digit of 0 - ((-1)/h)/((-5)/(-250))?
5
Suppose -12*l + 108 = -6*l. Let q be ((-81)/l)/(6/8). What is the units digit of 30 + q + (-12)/3?
0
Let w(b) = b - 105. Let t(o) = -o**2 + o + 1. Let v(d) = -t(d) - w(d). What is the units digit of v(0)?
4
Suppose -8 = 2*d - 18. Suppose -d*m + 6 = -34. Let z(n) = -n**2 + 9*n + 6. What is the units digit of z(m)?
4
Let n(w) = w**2 + 5*w + 43. Let k be n(0). Suppose -3*u = -5*s - 7*u + k, 2*u = -3*s + 25. What is the units digit of s?
7
Suppose 30*f - 20110 + 880 = 0. What is the tens digit of f?
4
Suppose 11*v - 5703 = 952. What is the tens digit of v?
0
What is the units digit of 3/(-10) + (39543/10)/1?
4
Let f(n) be the third derivative of n**6/120 - n**5/5 + 13*n**4/24 + 7*n**3/6 - n**2. What is the units digit of f(11)?
9
Let x = -1 - 3. Let c(z) = z**2 + 5*z + 9. What is the units digit of c(x)?
5
Let w(l) = l**3 - 6*l**2 - 6*l - 3. Let y be w(7). Suppose y*f + 1 = 13. Suppose 42 = -j + f*j. What is the tens digit of j?
2
Let v = -249 - -366. What is the hundreds digit of v?
1
Let s = 878 - 179. What is the hundreds digit of s?
6
What is the hundreds digit of -15 + (-54)/(-4) + 2170/4?
5
Suppose -2*u - 428 = 712. Let r = -404 - u. What is the hundreds digit of r?
1
Let b be 4*-1 - (-8 + 6). Let h(n) = 2*n**3 + 3*n**2 - n - 2. Let j be h(b). What is the units digit of (j - -2)*(-123)/6?
1
Suppose -3*b - 3332 = -5*b - 2*m, 3*b - 5*m = 5030. What is the thousands digit of b?
1
What is the tens digit of (-60)/(-105) - 71304/(-21)?
9
Let q(n) = 10*n + 2. Let z be q(3). Let u = z + 247. What is the hundreds digit of u?
2
Let d be 71/(-3)*36/(-12). Suppose -11 + 5 = -2*n. Suppose -174 = -n*s - 2*k + 37, -k + d = s. What is the units digit of s?
9
What is the tens digit of (1*-1)/(20/(-1500))?
7
Let k be 294/8 - (-4)/16. Suppose -c - 5 = -k. What is the tens digit of c?
3
Let h = -587 + 2243. What is the units digit of h?
6
Suppose -b = -16 + 12. Suppose 0*s - b*s = 20, -5*c = 2*s - 280. What is the units digit of c?
8
Let m(u) = 36*u**2 - 5*u - 8. Let f(v) = -v**3 + 7*v**2 + 9*v - 11. Let x be f(8). What is the hundreds digit of m(x)?
3
Let h(a) = 4*a + 45. Let w be h(-10). Suppose -w*n + 3*c + 1233 = 0, 0*c = -n - c + 245. What is the tens digit of n?
4
Let n = -10 - -5. Let b(f) = -9*f + 4. What is the units digit of b(n)?
9
Let c = 333 - 193. What is the tens digit of c?
4
Suppose 4*v - 86 = 2*r, -5*v + 5*r = -62 - 33. Suppose 0 = 16*m + v - 712. What is the units digit of m?
3
Let u be -190 + (1 - 2) - (-9 - -10). Let n = -98 - u. What is the units digit of n?
4
Let v(y) = y**2 - 5. Let r be v(-6). Suppose -102 = 28*d - r*d. What is the tens digit of d?
3
Let d = -22 - -18. Let a be d/(-10)*1*-5. Let y = 10 + a. What is the units digit of y?
8
Let k(w) = w + 20. Let c be k(-4). Suppose -3*g + c*g = 65. What is the units digit of g?
5
Let n(q) = -q**3 + 5*q**2 + 6*q + 5. Let s be n(6). Suppose 3*d - 36 = -o, d + d = -s*o + 37. Suppose -10*v + d*v - 12 = 0. What is the units digit of v?
2
Let f = -80 + 523. What is the tens digit of f?
4
Let k(a) = 5*a**2 + 40*a + 10. Let t be k(-8). What is the units digit of ((-15)/t)/(4/(-536))?
1
Let b = 785 - 101. What is the units digit of b?
4
Let g = -42 + 785. Suppose 3*w - g = -2*r, 0 = -4*w + 6*r - r + 1006. What is the units digit of w?
9
Suppose 0 = 3*k - d - 7739, 8*k - 10*k = 3*d - 5174. What is the thousands digit of k?
2
Let v(r) = 8*r - 9. Suppose 0 = 2*x - 180 + 140. What is the units digit of v(x)?
1
What is the tens digit of (2/8 - 483/(-36))*6?
8
Let u be (-1 - -2)/(1/(-948)*-2). What is the hundreds digit of ((-3)/(-6))/(1/u)?
2
Let v(h) = 3*h + 28. Let m be v(-7). Let s = -16 + 5. Let n = m - s. What is the units digit of n?
8
Suppose 0 = -i - 3, -3*j - 3*i = -0*i - 174. What is the units digit of j + 3/2*(6 - 8)?
8
Let m(f) = -f**3 - 17*f**2 + 22*f - 21. Let q be m(-18). Let s = 236 + q. Suppose 176 = 4*t + 4*c, -27 = -4*t - 2*c + s. What is the tens digit of t?
4
Let w be (-180)/(-99) - 2/(-11). Suppose w*p - 1 = 1. What is the units digit of (0/(-1) + p)*30?
0
Suppose -31 = -6*d + 53. Let b(f) be the second derivative of -f**5/20 + 13*f**4/12 + 5*f**3/2 + 4*f**2 - f. What is the units digit of b(d)?
2
Suppose 3468 = b - m, -6*b = -4*b - 3*m - 6940. What is the tens digit of b?
6
Suppose t - 16 = -3*t. Suppose 4*q = t + 20. Let k(j) = j**2 - 3. What is the tens digit of k(q)?
3
Let r = -16 - -23. Suppose 3*c = r*c - 332. What is the tens digit of c?
8
Suppose 80*t = 89*t - 9153. What is the thousands digit of t?
1
Suppose 6 = 3*l - 3*h - 201, 139 = 2*l - h. What is the units digit of l/4 - (-2)/(-4)?
7
Suppose 46 + 44 = 2*q. Let d = q - 24. What is the tens digit of d?
2
Suppose -198 = -4*b + 2*u + 3*u, -b + 2*u = -48. Suppose 22*i = 19*i + 12. Suppose i*w - 64 = b. What is the tens digit of w?
2
Suppose 530 + 3230 = -5*k. Let y be 26/39 + k/(-6). Suppose -y = -9*a + 6*a. What is the units digit of a?
2
Let i be -5*12*(0 + 8/10). Let u = i + 84. What is the tens digit of u?
3
Suppose 3*v + 2473 = -2*v + 4*d, -5*d + 10 = 0. Let a = -237 - v. What is the units digit of a?
6
Let c = 2155 - 983. What is the hundreds digit of c?
1
Suppose t + 353 = 4054. What is the tens digit of t?
0
Suppose 2*i - 2*x = -5*x + 3507, 5*i - 8770 = -5*x. What is the hundreds digit of i?
7
Let v(y) = -y**3 + 16*y**2 - 14*y - 7. Let t be (-4)/(-2)*15/2. Let q be v(t). Suppose -5*c = -3*b + q, b + 2*b = 4*c + 7. What is the units digit of b?
1
Suppose -3 = -j - 0, -3*d + 4*j + 21 = 0. Let z(u) = u + 26. What is the tens digit of z(d)?
3
Suppose 4*u = -3*z + 10926, 2*z - 5 = -1. What is the thousands digit of u?
2
Let g(c) = 2*c**3 - c**3 + 9*c**2 + 7*c + 3 + 0*c**3. Let l(w) = 7*w + 51. Let d be l(-8). What is the tens digit of g(d)?
6
What is the hundreds digit of (5 + 0)/(-10)*(3 - 617)?
3
Let m = 160 + 1931. What is the units digit of m?
1
What is the tens digit of 437 + -8 + 14 + 0?
4
Let j(y) = -y**3 - y**2 - 13*y - 90. What is the tens digit of j